+ 10. Let h be v(11). Let r(o) = 9*o**3 + 11*o**2 + 16*o + 67. Is r(h) prime?
False
Suppose -20*k + 15*k + 5*w + 4022720 = 0, -2*w = -k + 804553. Is k composite?
True
Suppose -4*p + x + 5497677 = 1461192, 4*x = -2*p + 2018238. Is p a composite number?
False
Suppose -4*x + 516534 = -2*w, -3*x - 2*w + 414336 = 26939. Is x a composite number?
True
Let f(j) = -786*j**3 - 9*j**2 + 32*j + 197. Is f(-6) a prime number?
True
Let s = -967693 + 1400586. Is s a prime number?
True
Let z(c) = 7*c**2 - 133*c + 59. Is z(52) prime?
True
Let u be ((-9)/(-6))/((1 - 4)/(-21822)). Let n = u + -3958. Is n a composite number?
True
Suppose 36*r - 13*r - 103868 = 0. Let l = r - -2917. Is l composite?
False
Suppose -234*v = 201*v + 19*v - 161607202. Is v a prime number?
False
Let z(q) = -255*q + 133. Let a be 30/(-120) - 270/8. Is z(a) composite?
False
Is ((-24798094)/(-207)*-1*3)/((-64)/96) a prime number?
True
Suppose -175*i + 243783 = -174*i. Suppose -2*g + i = 25*g. Is g a prime number?
True
Let z(a) = -406*a**3 + 24*a**2 + 111*a - 7. Is z(-6) composite?
False
Suppose 6*f = 9*f + 2*t - 111232, -t - 111217 = -3*f. Suppose 0 = 5*x - r - 0*r - 92694, -2*x + 4*r = -f. Is x prime?
True
Let b be 2/(-3) + 64/(-12). Let a(o) = 125*o - 28. Let c(r) = -1876*r + 420. Let m(p) = b*c(p) - 91*a(p). Is m(-9) prime?
False
Suppose -7*h + 13 = -50. Suppose 8*o - h*o = -4*z - 341, -3*z = 3*o - 978. Is o a prime number?
False
Suppose q + 1 = u - 0*u, 2*q = -u - 14. Is q*(-6 - 9573/15) composite?
False
Let m(d) = 468*d + 10. Let p be m(-3). Let a = 34 + -31. Is (-3 + 5)/(p/466 + a) prime?
True
Suppose 2509*j - 194459876 = 2457*j. Is j composite?
False
Let k(b) = -2*b**3 + 3*b**2 + 11*b + 3. Let f be k(3). Let a(w) = -12*w**3 - 2*w - 2. Let j be a(-5). Suppose 5*t - f*t + j = 0. Is t a prime number?
False
Let q(d) = -57647*d + 120. Is q(-1) a prime number?
False
Let y(m) = 3*m**2 - 3*m - 4. Let x be y(-1). Let w be 755/1*x + -3. Suppose -4034 = -z + f, -9570 = -2*z + 3*f - w. Is z a composite number?
True
Let h = 1363251 + -840448. Is h prime?
False
Suppose 3*f - 32028 = -5*n + 13408, 0 = 5*n - 2*f - 45451. Suppose 4*t = -4*x + 5*x - 4527, 2*x - t - n = 0. Is x prime?
True
Suppose 4*l + 9172 = p, -4*l + 7*l + 5*p + 6856 = 0. Let y = l + 5456. Let i = 7413 - y. Is i a composite number?
True
Suppose 243*k - 26753593 - 50883786 + 24947932 = 0. Is k composite?
False
Let q = 136615 - 76922. Is q composite?
False
Suppose -2*g = 2*g + 4*t - 41040, g - 10254 = -3*t. Suppose 5*l - g = -4*h, 12*l - 9*l - 6159 = -3*h. Is l a prime number?
False
Let c = -29924 - -46515. Is c composite?
True
Let p(l) = 3*l**2 + 13*l - 19. Let r be (0 + 1)*(-13 - (4 + -5)). Is p(r) a prime number?
True
Suppose 2*d - 852627 = -f - 327120, 4*d - 1576531 = -3*f. Is f composite?
False
Suppose -5*m - 3433 = 3*u, 4*u = -160*m + 155*m - 4584. Suppose 5*c + 0*w = -4*w + 11434, 0 = 5*w - 5. Let o = u + c. Is o composite?
True
Suppose -1643*i + 1623*i = -3299740. Is i prime?
True
Let j(a) = 10*a**2 + 17*a - 61. Is j(20) prime?
False
Suppose 3*q = -6098 + 438329. Is q a prime number?
False
Suppose 41*h - 5*u - 16991 = 39*h, 0 = h - 5*u - 8508. Is h prime?
False
Suppose 3*c + 10 = -2*l + 6*c, 2*l + 6 = c. Let m be l/(-6)*(16 - 7). Suppose 4*w - 5*v - 841 = 0, -213 = -w + 7*v - m*v. Is w a composite number?
True
Let q = -196 + 200. Suppose 300 = c + 3*f + 19, q*c + 4*f - 1156 = 0. Is c composite?
False
Let p(m) = -23*m - 34. Let t be (-7)/(-3)*(-1 + -2 + 0). Let z be (-6 + 1)*(-4 - t). Is p(z) prime?
True
Let v(n) = 4*n**2 - 15*n - 13. Let g be v(8). Suppose 121*y = g*y - 398. Is y a prime number?
True
Suppose 4*m + 3*r = -0*r - 29, 4*r = -12. Let w be -698*((-3)/(-30) - (-3)/m). Is (-1 + 0 - (0 + 1)) + w a prime number?
True
Suppose 0 = -308*f - 2592865 + 93509229. Is f a prime number?
False
Suppose 5*l = -0*k - 3*k + 5, 4*k - 2*l - 24 = 0. Suppose -4782 = 4*y - 7*y + k*q, 6368 = 4*y - 4*q. Is y a prime number?
False
Is ((-12)/(-9))/2*(2300796/24 - 15) a composite number?
False
Is (-91)/(-65) + -2 + 55496/10 a prime number?
False
Let g(n) be the third derivative of 361*n**4/12 - n**3/2 + n**2. Let a = -4485 - -4492. Is g(a) a prime number?
True
Suppose 1025949 = 5*s - 2*f, 4*s - 4*f - 306427 = 514349. Is s a composite number?
False
Let z(h) = 520*h**3 - 8*h**2 + 14*h - 23. Is z(4) prime?
False
Suppose 22*f - 916 = 12966. Is f a prime number?
True
Let s = 45797 - 27384. Suppose -4*y = -4*g - 14724, 5*y + 3*g - s = 4*g. Is y prime?
False
Suppose -34860 = 2*d + t - 110590, t = 0. Is d prime?
False
Let z be 62398/((-84)/(-189)*18/4). Suppose -17*i = -32738 - z. Is i composite?
False
Suppose 110 = -23*a - 28. Suppose -5*p = -15, -6*p + 1658 = -2*d - 4*p. Is (d/(-3))/((-4)/a) a composite number?
True
Let r(l) = -57*l + 15. Suppose 0 = -4*n - q + 56, q + 38 = 2*n + 4*q. Let u be r(n). Let i = 1045 + u. Is i composite?
True
Suppose -7*w + 2*w + 10620 = 0. Suppose -y - 2*y = -y. Suppose -3*a + 3*d + w = y, -4*a = -d - 2*d - 2827. Is a composite?
True
Is ((37894/(-6))/((-146)/(-438)))/(0 - 1) a prime number?
True
Is (((-15)/(-30))/((-3)/(-4)))/(2/312351) composite?
True
Suppose -2 = -5*u + 4*u. Suppose -4*b + 13 = j, -5*b + u*j - 17 = -10*b. Suppose 2*m + 2*m = -5*n + 409, 0 = 3*n + b*m - 243. Is n a prime number?
False
Suppose -v - 13 = 2*g, -2*g + 0*v = -5*v + 19. Is -1 + (-7 - -2) + 50462 + g a composite number?
True
Let h(x) = -1437*x - 3. Suppose 0 = 3*i + 3 + 6. Let w be h(i). Suppose -7*p + w = -6269. Is p a composite number?
False
Let j(o) = -27*o - 238. Let d be j(-9). Let a(n) = 258*n + 148. Is a(d) a composite number?
True
Let b = 3663 - 1965. Suppose l - b = -l. Let d = 2066 - l. Is d a prime number?
True
Let n(a) be the first derivative of 237/2*a**2 + 17*a + 16. Is n(4) a composite number?
True
Is (-196)/(-539) - (-61276230)/110 composite?
False
Let j(f) be the third derivative of f**7/840 - f**6/120 - 5*f**5/24 + 5*f**4/12 + 14*f**2. Let z(l) be the second derivative of j(l). Is z(10) prime?
False
Let c = 7737 + 10480. Is c composite?
False
Let u(z) = 3*z**3 + 8*z**2 + z + 50. Let w(a) = -13*a**3 - 31*a**2 - 4*a - 203. Let k(g) = 9*u(g) + 2*w(g). Is k(-10) a prime number?
False
Suppose 19*o - 74460 = 21*o. Let l = -17129 - o. Is l a composite number?
False
Let h(a) = -a + 80. Suppose 3*m = -39 + 18. Is h(m) composite?
True
Let l(r) = 847*r**2 - 6*r - 10. Let z(t) = -848*t**2 + 5*t + 8. Let c(s) = -3*l(s) - 4*z(s). Is c(-1) a prime number?
False
Let z = 131 - 25. Let b = -99 + z. Is b prime?
True
Suppose 5*p - 7477 + 19500 = a, -3*p - 48194 = -4*a. Is a composite?
True
Suppose -2 = -4*b + 6. Suppose b*w = -p + 3*p + 7274, w = -3*p - 10895. Let s = 5170 + p. Is s prime?
False
Let j be 3/18 + 247592/(-48). Is ((-35)/(-14) - 3)*1*j composite?
False
Let g(r) = -r**3 + 8*r**2 - 4*r - 17. Let i be g(7). Let p(a) = 7*a**3 - 5*a**2 + a - 1. Is p(i) a composite number?
True
Let t = 47814 + -20269. Suppose -79*z + 74*z = -t. Is z prime?
False
Suppose 0 = -2*v - 5*m + 9 + 6, -3*v + 14 = -m. Suppose 45487 = 8*g + v*g. Is g a prime number?
True
Suppose 240 = 2*b - 18*b. Let h be 4 + 5/(b/(-3)). Suppose 2*u - 1386 = 5*x, -3*u + 870 + 1199 = -h*x. Is u prime?
True
Let f = -25457 + 552350. Is f prime?
False
Suppose 2*x + 21 - 13 = 0. Is 4291 + (x - (3 - 6))*2 a prime number?
True
Let y(j) = j**3 - 7*j**2 - 7*j - 10. Let t(b) = b**2 - 14*b + 9. Let q be t(9). Let w = -27 - q. Is y(w) prime?
True
Suppose 5*j - 5*a = 303945, -3*j - 52*a = -57*a - 182373. Is (2/1)/(11*12/j) prime?
False
Let j(i) = 1 - 5 + 2*i + i + 149*i**2. Let z be j(3). Suppose -883 - z = -u. Is u a prime number?
False
Suppose 3*r - 1095 - 31 = -4*j, 0 = j - 5*r - 293. Let g = -3157 + 3063. Let z = j - g. Is z composite?
True
Let w be (-1 + 3)/(3*10/(-105)). Let g be w*(5 + (-205)/35). Suppose 5*h + 2*m = g*h - 2713, 0 = 2*m + 8. Is h a composite number?
True
Suppose 273 = 2*p - 109. Let v be 2/(-3)*(-2142)/14. Let r = p + v. Is r prime?
True
Let o(d) = 4*d**2 - 15*d - 19. Let m(n) = -2*n**2 + 8*n + 10. Let g(c) = -7*m(c) - 4*o(c). Let q be g(3). Suppose q = -4*r - r + 3755. Is r a composite number?
False
Is 281484/30 - (-11)/55 a prime number?
False
Let z(b) = -20*b - 37. Let i(p) = -20*p - 37. Let q(f) = -4*i(f) + 5*z(f). Let t = -14 + -1. Is q(t) a prime number?
Tru